 359353 composite?
False
Is 154015 prime?
False
Is 148609 prime?
True
Is 39281 prime?
False
Is 113843 composite?
False
Is 420377 a prime number?
False
Is 242537 prime?
False
Is 75079 composite?
False
Is 159287 prime?
True
Is 2864149 a composite number?
False
Is 4327 a prime number?
True
Is 41581 prime?
False
Is 250423 a prime number?
True
Is 1185953 a prime number?
True
Is 10541 a composite number?
True
Is 591613 a prime number?
False
Is 114469 prime?
False
Is 168013 prime?
True
Is 439979 prime?
False
Is 94201 a prime number?
True
Is 15353 a composite number?
True
Is 44033 a prime number?
False
Is 12797 a prime number?
False
Is 6467 a composite number?
True
Is 191 a composite number?
False
Is 51449 a prime number?
True
Is 24937 composite?
True
Is 13849 a prime number?
False
Is 12981 composite?
True
Is 14163 a prime number?
False
Is 126473 a composite number?
False
Is 5561 composite?
True
Is 1021007 a prime number?
False
Is 13646 a composite number?
True
Is 1847 composite?
False
Is 22739 composite?
False
Is 279141 a composite number?
True
Is 199999 a composite number?
False
Is 13217 a composite number?
False
Is 509199 a prime number?
False
Is 63911 a composite number?
True
Is 1050281 composite?
False
Is 24933 prime?
False
Is 71879 a composite number?
False
Is 176569 a prime number?
False
Is 13522 a composite number?
True
Is 817 prime?
False
Is 6079 composite?
False
Is 35887 a prime number?
False
Is 6913 a prime number?
False
Is 498881 composite?
False
Is 1269473 composite?
True
Is 3079 a prime number?
True
Is 25433 prime?
False
Is 53359 prime?
True
Is 51951 a composite number?
True
Is 120641 prime?
True
Is 36953 prime?
False
Is 3626905 prime?
False
Is 3161 composite?
True
Is 988937 prime?
True
Is 31235 composite?
True
Is 98749 a composite number?
True
Is 2246 a composite number?
True
Is 1836007 prime?
False
Is 682411 a composite number?
False
Is 10031 composite?
True
Is 4201 prime?
True
Is 6373 prime?
True
Is 4817 composite?
False
Is 312197 prime?
True
Is 4441 a prime number?
True
Is 587 a prime number?
True
Is 47837 a composite number?
False
Is 54389 a composite number?
True
Is 1459 composite?
False
Is 11299 prime?
True
Is 69463 a composite number?
False
Is 10211 a prime number?
True
Is 51074 prime?
False
Is 5449 a composite number?
False
Is 21737 a composite number?
False
Is 681393 composite?
True
Is 436871 prime?
True
Is 66569 prime?
True
Is 2523251 a prime number?
True
Is 99569 prime?
False
Is 650317 a composite number?
False
Is 48449 composite?
False
Is 14261 a composite number?
True
Is 109861 a prime number?
False
Is 442747 a composite number?
False
Is 82743 prime?
False
Is 2227 composite?
True
Is 14777 a prime number?
False
Is 352019 prime?
False
Is 6983 composite?
False
Is 319 prime?
False
Is 10589 composite?
False
Is 878707 a prime number?
False
Is 40279 a prime number?
False
Is 7717 composite?
False
Is 692789 a composite number?
False
Is 1312733 composite?
False
Is 12997 a composite number?
True
Is 88643 a prime number?
True
Is 56891 a prime number?
True
Is 1281211 prime?
True
Is 62417 composite?
False
Is 5837 a prime number?
False
Is 5981 a prime number?
True
Is 1446311 composite?
False
Is 780343 composite?
False
Is 22117 a prime number?
False
Is 164413 a prime number?
True
Is 2055467 prime?
True
Is 1294131 prime?
False
Is 48563 a composite number?
False
Is 198377 prime?
True
Is 455309 a composite number?
False
Is 254333 a prime number?
False
Is 374069 composite?
False
Is 29989 a composite number?
False
Is 51251 a prime number?
False
Is 18113 a composite number?
True
Is 6835 prime?
False
Is 1011 prime?
False
Is 8885 prime?
False
Is 38777 a prime number?
False
Is 53107 a prime number?
False
Is 1024003 a composite number?
True
Is 9753 a prime number?
False
Is 61003 a prime number?
False
Is 10771 a prime number?
True
Is 3163 a composite number?
False
Is 1909 composite?
True
Is 92201 a prime number?
False
Is 623767 a composite number?
False
Is 36671 prime?
True
Is 432743 a composite number?
False
Is 141301 prime?
True
Is 7114 a prime number?
False
Is 492227 a composite number?
False
Is 304597 prime?
True
Is 14051 prime?
True
Is 2460199 a prime number?
False
Is 941 a composite number?
False
Is 251353 composite?
False
Is 12146 prime?
False
Is 22849 composite?
True
Is 15005 a prime number?
False
Is 349213 a prime number?
False
Is 6505 prime?
False
Is 77681 composite?
False
Is 40087 prime?
True
Is 96643 a composite number?
False
Is 15697 composite?
True
Is 1193 a composite number?
False
Is 5209 a composite number?
False
Is 414259 prime?
True
Is 8131 a composite number?
True
Is 22613 prime?
True
Is 16141 prime?
True
Is 62003 a composite number?
False
Is 114602 prime?
False
Is 376886 prime?
False
Is 1917911 prime?
False
Is 78977 a composite number?
False
Is 738791 composite?
False
Is 43087 a composite number?
True
Is 15545 a prime number?
False
Is 8637 composite?
True
Is 251179 a prime number?
True
Is 3389 a prime number?
True
Is 35953 a prime number?
False
Is 23099 a prime number?
True
Is 179603 a composite number?
False
Is 222419 composite?
False
Is 18623 a composite number?
True
Is 60263 a prime number?
False
Is 20486 a prime number?
False
Is 150079 prime?
False
Is 93 a composite number?
True
Is 60094 composite?
True
Is 19829 composite?
True
Is 5333 prime?
True
Is 14717 a prime number?
True
Is 345491 a composite number?
True
Is 759073 a prime number?
False
Is 2251 a composite number?
False
Is 93047 prime?
True
Is 47023 prime?
False
Is 276793 a composite number?
True
Is 9791 a prime number?
True
Is 126571 prime?
False
Is 144379 a prime number?
True
Is 11981 composite?
False
Is 103559 prime?
False
Is 2749 a prime number?
True
Is 187051 a prime number?
False
Is 13001 a composite number?
False
Is 164821 a prime number?
True
Is 532501 prime?
True
Is 907 a prime number?
True
Is 1277 a prime number?
True
Is 49783 a composite number?
False
Is 16729 a prime number?
True
Is 334319 a composite number?
False
Is 9431 composite?
False
Is 9451 composite?
True
Is 631 composite?
False
Is 7901 composite?
False
Is 42707 prime?
False
Is 5669 a composite number?
False
Is 1009 a prime number?
True
Is 2473 composite?
False
Is 258701 prime?
False
Is 5087 a prime number?
True
Is 4621 prime?
True
Is 29615 composite?
True
Is 2321 composite?
True
Is 446179 composite?
False
Is 1673 a prime number?
False
Is 85139 a composite number?
True
Is 91183 a prime number?
True
Is 23515 a composite number?
True
Is 18489 composite?
True
Is 52385 a prime number?
False
Is 29789 a prime number?
True
Is 19263 a prime number?
False
Is 59446 prime?
False
Is 37487 a prime number?
False
Is 254123 prime?
False
Is 237721 composite?
True
Is 1861493 composite?
False
Is 2638705 composite?
True
Is 133919 prime?
True
Is 29689 composite?
True
Is 1087 prime?
True
Is 1622593 prime?
False
Is 402821 composite?
True
Is 191755 a composite number?
True
Is 62897 composite?
False
Is 15107 a prime number?
True
Is 1665713 a prime number?
False
Is 3852379 a prime number?
True
Is 767 prime?
False
Is 38362 prime?
False
Is 11239 composite?
False
Is 348911 prime?
True
Is 79877 a composite number?
True
Is 7261 prime?
False
Is 81281 prime?
True
Is 200219 prime?
False
Is 78191 a prime number?
True
Is 6733 composite?
False
Is 2173 a prime number?
False
Is 547 a composite number?
False
Is 4421 a composite number?
False
Is 64799 composite?
True
Is 297503 prime?
True
Is 10643 a prime number?
False
Is 39118 a prime number?
False
Is 586783 a composite number?
True
Is 99547 a prime number?
False
Is 201 a composite number?
True
Is 66889 a composite number?
False
Is 11143 prime?
False
Is 1959 a composite number?
True
Is 676447 a composite number?
True
Is 154723 composite?
False
Is 109507 a composite number?
False
Is 14051 a prime number?
True
Is 319469 a prime number?
True
Is 586 a composite number?
True
Is 28163 prime?
True
Is 3611 a prime number?
False
Is 285301 prime?
True
Is 34 a composite number?
True
Is 370657 a prime number?
False
Is 69539 a composite number?
False
Is 200966 a composite number?
True
Is 293 prime?
True
Is 10937 prime?
True
Is 2500769 prime?
True
Is 134803 a prime number?
False
Is 2053 a composite number?
False
Is 517901 prime?
True
Is 1376498 a prime number?
False
Is 5381 a composite number?
False